. Let m = -23 - -25. What is the highest common factor of a and m?
2
Let g(z) = 3*z**3 + 2*z**2 + 4*z + 2. Let i be g(4). Let d(l) = 56*l - 1098. Let o be d(20). Calculate the greatest common factor of o and i.
22
Let m(z) be the second derivative of -2*z**3/3 - 2*z**2 + 7*z. Let l be m(-4). Let v = l - 6. Calculate the highest common divisor of 2 and v.
2
Let l(z) = -3*z - 1. Let m(f) = 25*f - 7. Let p(a) = -6*l(a) - m(a). Let s = 6 - 9. Let r be p(s). Calculate the highest common factor of r and 17.
17
Suppose 4*v - 12 = 0, -91 - 44 = 4*a - 5*v. Let j be (14/21)/(((-4)/a)/2). Calculate the greatest common divisor of j and 30.
10
Let z = -783 - -836. Calculate the greatest common divisor of z and 1537.
53
Let z be 8/(-12) - 44/(-3). Let w be ((-36)/14)/((-14)/686). Calculate the greatest common factor of z and w.
14
Let j(z) = z**2 + 30*z + 20. Let w be (20/15)/(0 + 2/(-45)). Let m be j(w). What is the greatest common factor of m and 5?
5
Let h(k) = k**2 + 24*k - 117. Let w be h(-29). What is the highest common factor of 812 and w?
28
Let w = 45 - 45. Suppose w = -29*p + 33*p - 340. What is the highest common factor of 17 and p?
17
Let x be ((-23)/2)/((-8)/16). Let t = x - 14. Suppose 0 = 4*v + t - 45. Calculate the highest common divisor of v and 99.
9
Let f be ((-58)/116)/(2/20). Let j(q) = -2 - 3*q - 6*q - 7. Let l be j(f). Calculate the highest common factor of 6 and l.
6
Suppose 0*a + 5*j + 17 = -2*a, 2*j = 4*a + 46. Let h be -2 + 0 - -2 - a. Let m(d) = -43*d + 2. Let v be m(-2). What is the greatest common divisor of v and h?
11
Let z = 187 + 201. Calculate the highest common factor of 97 and z.
97
Let w(t) = 108*t**2 + 11*t. Let i be w(-2). Calculate the greatest common divisor of i and 164.
82
Let v be 6 + 1*(-4 + 0). Suppose -5*w - 3 = -8. Suppose -c + 4 = -w. Calculate the greatest common divisor of c and v.
1
Suppose 0 = 5*j + 81 - 471. Calculate the greatest common divisor of j and 26.
26
Suppose -4*a + 3*w = -68 + 5, 2*a - 5*w - 21 = 0. Let u(z) = -z**2 - 4*z. Let s be u(-7). Let n = -19 - s. Calculate the highest common divisor of n and a.
2
Let a be (-364)/49*49/(-14). Calculate the greatest common divisor of 897 and a.
13
Let a = 30 + -28. Suppose -9 = -a*v + 4*s + 11, 2*v + 2*s = 26. What is the greatest common factor of 168 and v?
12
Suppose 0 = -s - 0*s - 1. Let m be 6*(-4)/(-8)*s. Let g be (-2)/m + (-222)/(-18). Calculate the greatest common factor of g and 52.
13
Let f be (-75)/20*(-5 + -23). What is the greatest common divisor of f and 945?
105
Let v(m) = -11*m**2 + m + 1. Let r be v(-1). Let c = r + 35. Calculate the highest common divisor of 84 and c.
12
Let l be ((-20)/(-12) + -1)*3. Let b be (27 + -28)*-2*15/l. Calculate the greatest common factor of 15 and b.
15
Let g = -401 + 415. Calculate the highest common factor of 35 and g.
7
Let x = 265 + -174. Let z be (-2)/(-4)*0/7. Suppose z = 2*a - 4*i - 46, 4*a = 3*i + 93 - 26. What is the highest common divisor of a and x?
13
Suppose 28*v = 26*v + 142. Let c = v - 41. Calculate the greatest common divisor of c and 60.
30
Let g(d) = 101*d - 262. Let t be g(5). What is the greatest common factor of t and 162?
81
Let j = 5043 - 3601. Calculate the greatest common divisor of j and 14.
14
Suppose 24*w - 29*w - y = -3705, y = 0. Calculate the greatest common divisor of 57 and w.
57
Suppose -28*i - 128 = -24*i. Let o be 2/(-1 + (108/i)/(-3)). What is the greatest common divisor of 112 and o?
16
Let g = 13 - 10. Let s be 30*(0 - -4)/8. What is the highest common divisor of g and s?
3
Let f = -13 - -4. Let h(b) = -b**3 - 6*b**2 + 13*b + 9. Let v be h(f). Calculate the highest common factor of v and 54.
27
Suppose -3*y + 528 = 3*c, -23*c + 27*c - y = 704. Calculate the highest common factor of c and 44.
44
Suppose 2*q = 6*q - 416. Suppose 0*a + q = -4*a. Let w = a + 28. Calculate the greatest common divisor of 8 and w.
2
Let f be 1*((-1266)/(-22) + 78/(-143)). Calculate the greatest common divisor of f and 380.
19
Suppose 5 = 2*t - 247. What is the greatest common factor of t and 42?
42
Suppose 0 = 3*v + 2*r - 22, 6*v = v - r + 25. Let x(h) = h + 61. Let b = 56 + -81. Let u be x(b). What is the highest common factor of u and v?
4
Suppose 0 = 3*n - l - 2*l, -6 = 2*n + l. Let c be n + (-1)/(1/76). Let s = -50 - c. Calculate the highest common divisor of 70 and s.
14
Let b be -18*(-6)/189 - 206/(-7). Calculate the greatest common divisor of 45 and b.
15
Suppose 0 = -2*c - 6 + 16. Let a = -5 + c. Suppose 80 = -a*j + 4*j. Calculate the highest common divisor of j and 50.
10
Suppose -62 = -3*d + w - 19, -27 = -2*d - w. Suppose -l - 55 = -2*a, -a - l + 29 - 6 = 0. Let g = -12 + a. Calculate the greatest common factor of d and g.
14
Let c be 104/20 + (-2)/10. Let b be (-2)/10 + 1/c. Suppose -3*v + 54 = -b*v. Calculate the highest common factor of 45 and v.
9
Let m be (-5 - -6)*3 + -1. Suppose -2*d + 38 = 3*l, 23 = m*d - 4*l - 1. What is the greatest common divisor of d and 32?
16
Let w be 2 - (-3 + 5 + -2 + 2). Let u be w + -1 + 1 + 11. What is the greatest common factor of 121 and u?
11
Suppose 2*c + 8 = 6*c. Suppose 2*x = 3*a - 140, 0 = a - x + c*x - 40. What is the greatest common divisor of 110 and a?
22
Suppose -2*b = -3*a - 115, -5*b + 171 = -2*b - 3*a. Suppose 0 = -5*w, -2*l - 2*l + 3*w = -28. What is the highest common factor of b and l?
7
Let p = 159 + -157. What is the highest common divisor of 2 and p?
2
Let f be (-16)/(-88) + (-838)/11. Let g = -21 - f. Calculate the greatest common factor of 11 and g.
11
Let h(a) = a**3 + 10*a**2 - 2*a - 11. Let v be h(-10). Suppose -4 - 41 = -5*s. What is the greatest common factor of s and v?
9
Suppose -59*v + 23*v + 45864 = 0. Calculate the greatest common divisor of v and 49.
49
Suppose 8 + 17 = 5*p. Suppose -p*d + 475 = -5*u, 3*d - u = d + 193. What is the highest common divisor of 14 and d?
14
Suppose 0 = -5*d - q - 0*q + 584, -5*q = 5*d - 580. Let o = d + -93. What is the greatest common factor of 108 and o?
12
Suppose -9*u + 30 = -4*u - 5*x, -3*x = -2*u + 14. Suppose 5*o = 7*t - 2*t + 50, 0 = -4*o - u*t + 64. Calculate the greatest common factor of 52 and o.
13
Suppose 0 = 3*n - 2*r - 566, 2*n - n + 5*r = 217. Let o(s) = 5*s - 5. Let q be o(2). Suppose -n = -q*y + y. Calculate the highest common divisor of 12 and y.
12
Let n = -357 + 688. Let p = n + -177. Suppose 2*d = -7 + 51. Calculate the greatest common factor of p and d.
22
Let o = 11 - 7. Suppose 5*i + 2*d = 55, 0 = -i - 7*d + o*d - 2. Calculate the highest common divisor of i and 13.
13
Let g be 74*-1*(-4)/8. Calculate the highest common divisor of 407 and g.
37
Let p(u) = u**3 - 2*u + 9. Let x be p(0). Calculate the greatest common factor of 5 and x.
1
Let n = -72 - -287. What is the greatest common factor of n and 5?
5
Let x = -71 + 137. Let b = 85 - x. Suppose h - 155 - 54 = 0. What is the highest common factor of b and h?
19
Let c(v) = -2*v**2 + 2*v + 12. Let k be c(0). Suppose -17*o + k*o + 10 = 0. What is the greatest common factor of o and 5?
1
Suppose 113*t = 112*t + 63. What is the highest common divisor of t and 819?
63
Let w = 2148 - 1658. Calculate the highest common divisor of 175 and w.
35
Suppose 2*l - 172 = -3*b + 4*l, -3*b + 3*l = -174. Calculate the highest common divisor of b and 182.
14
Let o(i) = -3*i**3 + 3*i**2 + 9*i - 1. Let x be o(-4). Suppose -3*l + 3*h + 231 = 0, 5*l - 4*h - x = 180. What is the greatest common factor of l and 5?
5
Let s be (6 - 2)*(-3 - -7). Let r = 9 - 6. Let u be r/((-1)/(6/(-9))). Calculate the greatest common factor of s and u.
2
Suppose 290*o - 282*o - 168 = 0. What is the greatest common divisor of 84 and o?
21
Let u be 3 - (-2)/(-6)*-237. Calculate the greatest common factor of u and 205.
41
Suppose 55 = 5*t + 2*m, 0 = 4*t + 3*m - 2*m - 47. Suppose 77*j + 309 = 5314. Calculate the highest common factor of t and j.
13
Suppose -5*p = 2*n - 13633, -4*p = 4*n - 9786 - 1118. Calculate the highest common divisor of p and 101.
101
Let b(d) = d**3 - 3*d**2 - 2*d - 1. Let r be b(5). Calculate the highest common divisor of r and 624.
39
Let y be (-26)/(-6) + (-5)/15. Suppose -y*p - 51 = -167. Suppose -3*a + f = -14, 5 = -5*a + 2*f + p. What is the highest common factor of a and 4?
4
Suppose -2*u + 160*a + 350 = 156*a, a - 682 = -